*p + 2. Determine c(-4).
6
Let i(w) = 35*w**3 + w - 1. What is i(1)?
35
Let z(a) = a**3 - 4*a**2 + a + 1. Give z(6).
79
Let s(b) = 8*b - 1. Calculate s(-3).
-25
Let g(c) = c**3 - 4*c**2 + 3*c - 10. What is g(4)?
2
Let u(j) = -148*j + 298. What is u(2)?
2
Let k(v) = 11*v**2 - 44*v + 18. What is k(3)?
-15
Let f(v) = -10*v**2 + 73*v - 23. Determine f(7).
-2
Let k(l) = -l**3 + 5*l**2 + 11*l - 4. What is k(6)?
26
Let w(b) = -b**3 - 6*b**2 + 8. What is w(-6)?
8
Let u(a) = -a**2 + 10*a + 2. Calculate u(11).
-9
Let z(o) = -6*o**2 + 15*o - 14. Calculate z(1).
-5
Let j(w) = 3*w**2 + 37*w + 16. Give j(-12).
4
Let n(i) = 22*i + 62. Calculate n(-3).
-4
Let b(w) = -2*w - 11. Calculate b(6).
-23
Let n(x) = 5*x + 7. What is n(-6)?
-23
Let j(y) = -7*y**2 - 2*y + 2. Give j(1).
-7
Let l(p) = p + 6. Determine l(-3).
3
Let s(v) = -2*v**3 - 46*v**2 + 101*v + 24. Calculate s(-25).
-1
Let s(n) = 11*n - 83. Calculate s(7).
-6
Let t(x) = -x**2 + 9*x + 21. Determine t(11).
-1
Let q(t) = t**3 + 6*t**2 - 6*t - 15. Calculate q(-7).
-22
Let q(p) = -3*p + 3. Calculate q(-4).
15
Let f(i) = 3*i - 38. Calculate f(11).
-5
Let h(o) = -45*o**3 - 4*o**2 - o. Give h(-1).
42
Let v(g) = -g**3 - 20*g**2 - 2*g - 61. Calculate v(-20).
-21
Let p(n) = 4*n + 29. Give p(-11).
-15
Let j(d) = -d**3 - 10*d**2 - 6*d + 18. Determine j(-9).
-9
Let v(y) = -9*y - 101. What is v(-11)?
-2
Let c(l) = l**3 + 14*l**2 - l - 15. Determine c(-14).
-1
Let i(k) = 7*k + 19. Determine i(-12).
-65
Let v(j) = 7*j - 4. Calculate v(1).
3
Let j(b) = -b - 10. Calculate j(-10).
0
Let i(s) = -s**2 + 5*s - 25. Determine i(6).
-31
Let c(p) = -15*p - 68. Calculate c(-5).
7
Let v(i) = -i - 3. Calculate v(-5).
2
Let f(r) = 18*r**2 + 2*r + 1. Determine f(-1).
17
Let n(c) = -15*c + 103. Give n(7).
-2
Let v(b) = b**2 - 7*b - 1. What is v(5)?
-11
Let y(l) = -10*l - 28. Calculate y(-3).
2
Let f(r) = -r**2 - r. Give f(1).
-2
Let x(n) = -4*n**3 - 2*n**2 + 2*n + 1. Calculate x(1).
-3
Let o(u) = u**3 + 3*u**2 - 5*u + 4. What is o(-5)?
-21
Let k(w) = 2*w**2 - w - 1. Calculate k(1).
0
Let l(o) = o**2 - 6*o. Calculate l(4).
-8
Let x(j) = -17*j + 225. What is x(14)?
-13
Let j(u) = -u**2 - 10*u + 18. Determine j(-9).
27
Let b(g) = 32*g + 329. What is b(-10)?
9
Let s(i) = 2*i**3 - 5*i**2 + 4*i + 4. What is s(3)?
25
Let w(p) = -4*p**2 + 4*p + 8. What is w(-3)?
-40
Let a(f) = f**2 - 38*f + 131. Determine a(34).
-5
Let t(f) = f**3 - 22*f**2 + 98*f - 33. Calculate t(16).
-1
Let t(m) = -2*m**2 - 5*m - 2. Calculate t(-3).
-5
Let m(x) = -x**3 - 8*x**2 - 6*x - 2. Give m(-6).
-38
Let j(g) = -2*g**2 - 53*g - 117. What is j(-24)?
3
Let b(k) = -3*k**3 - 4*k**2 + 5*k - 4. Give b(2).
-34
Let c(m) = -5*m + 11. Give c(5).
-14
Let y(k) = -k**3 - 24*k**2 + 25*k - 5. What is y(-25)?
-5
Let g(j) = -j**2 + 15*j - 18. Determine g(0).
-18
Let f(p) = p**3 + 10*p**2 + 26*p + 41. Determine f(-7).
6
Let f(t) = t**2 + 13*t + 11. Calculate f(-8).
-29
Let g(m) = 7*m**2 + m. Determine g(-2).
26
Let s(a) = -14*a + 113. What is s(8)?
1
Let k(z) = -z**3 - 7*z**2 + 8*z - 1. Calculate k(-8).
-1
Let w(p) = -p + 7. Determine w(4).
3
Let q(g) = g**3 + 9*g**2 - 7*g + 4. Give q(-10).
-26
Let u(d) = 84*d + 5. Calculate u(2).
173
Let o(p) = p + 1. Determine o(1).
2
Let w(p) = -10*p + 10. Give w(2).
-10
Let w(y) = -y**3 - 7*y**2 - 16*y - 111. Calculate w(-7).
1
Let l(t) = 4*t**2 - 19*t - 5. What is l(5)?
0
Let l(x) = x**2 + 6*x + 10. Determine l(-6).
10
Let y(q) = -11*q**2 + q + 2. Determine y(-1).
-10
Let x(v) = -v**3 - 13*v**2 + 2*v + 22. Calculate x(-13).
-4
Let r(a) = -4*a**2 - a + 1. What is r(-2)?
-13
Let f(w) = -w - 4. Determine f(-13).
9
Let l(m) = -68*m - 51. Give l(-1).
17
Let u(c) = 9*c**2 - 8*c - 1. What is u(1)?
0
Let r(i) = -7*i**3 - 2*i**2 - 3*i + 2. Give r(1).
-10
Let t(u) = -u - 7. Calculate t(-9).
2
Let l(w) = -w**2 - 2*w + 6. Give l(5).
-29
Let c(u) = -5*u + 1. Determine c(1).
-4
Let v(f) = -f**3 + 10*f**2 + 10*f + 12. Give v(11).
1
Let o(c) = -5*c - 14. Determine o(-7).
21
Let m(w) = -w**2 - 11*w - 6. Determine m(-4).
22
Let q(y) = -y**3 - 5*y**2 + 6*y - 9. Give q(-6).
-9
Let p(f) = 9*f - 49. Give p(9).
32
Let o(k) = k**2 - 12*k - 27. Give o(10).
-47
Let y(o) = o**3 + 12*o**2 + 9*o - 10. What is y(-11)?
12
Let x(v) = -2*v - 6. Give x(-8).
10
Let l(b) = b + 30. Calculate l(-11).
19
Let f(l) = -l**3 - 18*l**2 - l - 23. Determine f(-18).
-5
Let n(g) = g**3 - 27*g**2 + 51*g - 26. Determine n(25).
-1
Let z(f) = 3*f - 13. Determine z(6).
5
Let j(a) = a + 43. Calculate j(-9).
34
Let q(j) = 2*j + 6. Determine q(6).
18
Let w(y) = -2*y**3 + 85*y**2 + 39*y + 164. Give w(43).
-8
Let l(u) = -32*u - 1. What is l(-1)?
31
Let u(y) = -2*y**2 - 4*y - 1. Calculate u(-2).
-1
Let r(c) = -c**2 - 24*c + 21. Give r(-24).
21
Let k(s) = -s**3 - 18*s**2 - 7*s - 31. Determine k(-18).
95
Let c(t) = 2*t**3 + 2*t**2 + 3*t + 6. Give c(-2).
-8
Let u(g) = 2*g**2 - 43*g + 3. Calculate u(21).
-18
Let w(o) = o**3 + 46*o**2 + 46*o + 28. Calculate w(-45).
-17
Let z(j) = -j - 24. Determine z(4).
-28
Let q(h) = -h**3 - 4*h**2 + 8*h + 11. Calculate q(-5).
-4
Let t(n) = n**3 - 11*n**2 - n + 49. Calculate t(11).
38
Let x(p) = p**2 + 17*p - 11. Calculate x(-18).
7
Let j(l) = -2*l + 33. Give j(8).
17
Let b(v) = v**3 - 4*v**2 + 2*v - 10. Determine b(3).
-13
Let j(y) = -y**3 + 23*y**2 - 22*y - 3. Determine j(22).
-3
Let y(q) = -6*q - 25. Give y(-4).
-1
Let j(q) = -6*q**2 + 24*q + 7. Calculate j(4).
7
Let v(y) = -y**2 + 6*y + 2. Determine v(8).
-14
Let o(j) = -j**3 + 4*j**2 + 4*j - 2. Calculate o(-2).
14
Let z(m) = -m**2 + 3*m - 4. Calculate z(4).
-8
Let n(q) = q**2 + 34*q + 60. What is n(-32)?
-4
Let k(h) = h**3 + 9*h**2 + 23*h + 55. What is k(-7)?
-8
Let z(k) = 6*k + 5. Determine z(-3).
-13
Let n(u) = u**2 + 9*u + 11. What is n(-3)?
-7
Let v(r) = 2*r + 19. Determine v(-6).
7
Let t(v) = -v**2 + 15*v - 20. What is t(10)?
30
Let b(g) = -6*g - 25. What is b(-5)?
5
Let r(q) = -q**2 - 11*q + 69. Give r(-15).
9
Let g(i) = 6*i**3 + 3*i**2 + i - 1. Give g(-2).
-39
Let p(q) = -11*q + 90. Calculate p(8).
2
Let l(w) = w**3 - 8*w**2 + 10. Calculate l(7).
-39
Let x(i) = -9*i + 73. Determine x(0).
73
Let u(l) = l**3 + 7*l**2 - 8*l + 3. Give u(-6).
87
Let o(q) = -5*q + 2. What is o(1)?
-3
Let s(q) = -q**2 - 3*q - 2. Calculate s(-7).
-30
Let m(a) = -3*a - 99. Calculate m(-14).
-57
Let a(t) = -31*t**2 + t + 1. Determine a(-1).
-31
Let m(r) = -2*r - 37. What is m(-13)?
-11
Let r(p) = p**3 - 16*p**2 + 14*p + 9. What is r(15)?
-6
Let h(p) = p**3 + 8*p**2 + p + 3. Determine h(-8).
-5
Let u(k) = -k + 55. Determine u(12).
43
Let c(t) = 20*t + 4. What is c(-3)?
-56
Let z(j) = -2*j + 10. Calculate z(10).
-10
Let g(m) = -m**3 + 9*m**2 + 9*m + 1. Determine g(10).
-9
Let l(s) = -8*s - 28. Determine l(-5).
12
Let n(d) = 2*d**2 + 58*d + 7. Give n(-29).
7
Let c(u) = -u**2 - 6*u + 11. Give c(2).
-5
Let r(m) = 21*m**2 - 1. Give r(1).
20
Let y(s) = 9*s - 187. Give y(20).
-7
Let y(j) = j**3 - 5*j**2 - 4*j - 5. Give y(6).
7
Let f(a) = a**3 + 7*a**2 + 14*a + 7. What is f(-4)?
-1
Let a(m) = 7*m + 15. What is a(-4)?
-13
Let f(s) = s**3 - 11*s**2 + 28. What is f(11)?
28
Let x(n) = -n + 6. Determine x(3).
3
Let f(g) = -11*g - 4. Determine f(2).
-26
Let j(o) = o**3 + 2*o. What is j(3)?
33
Let t(g) = g**3 - 10*g**2 + 6*g - 25. Determine t(8).
-105
Let h(o) = 4*o**2 - 5*o + 9. What is h(2)?
15
Let c(u) = u**3 - 4*u**2 - u - 4. Give c(3).
-16
Let q(x) = 83*x**3 - x**2 - 3*x - 2. Calculate q(-1).
-83
Let n(y) = 29*y + 137. Calculate n(-5).
-8
Let r(m) = m + 40. Give r(17).
57
Let d(q) = -130*q + 1431. Give d(11).
1
Let n(j) = -j**3 - 4*j**2 + 7*j + 13. What is n(-6)?
43
Let x(l) = l**3 + 6*l**2 - l + 40. Give x(-7).
-2
Let j(l) = -2*l**2 - 38*l - 44. What is j(-18)?
-8
Let r(x) = -x - 8. What is r(-6)?
-2
Let g(o) = -17*o - 6. Determine g(-3).
45
Let v(k) = -k**3 - 2*k**2 + 4*k - 4. Calculate v(-4).
12
Let k(t) = -3*t + 20. Give k(16).
-28
Let h(v) = v**3 + v - 27. What is h(0)?
-27
Let t(h) = 6*h - 154. Calculate t(25).
-4
Let z(t) = t**2 - 12*t + 3. Give z(9).
-24
Let o(n) = 6*n + 29. Give o(-4).
5
Let l(q) = -2*q**2 + q + 2. Give l(2).
-4
Let r(f) = -f**3 + 8*f**2 - 4*f + 8. Determine r(7).
29
Let u(v) = v**3 + 5*v**2 - 3*v + 5. Calculate u(-5).
20
Let j(s) = 52*s**2 + s - 2. What is j(1)?
51
Let g(n) = -n**2 - 9*n - 24. Calculate g(-7).
-10
Let 